{"id":152,"date":"2023-07-30T17:45:24","date_gmt":"2023-07-30T17:45:24","guid":{"rendered":"https:\/\/perspectify.de\/?page_id=152"},"modified":"2023-10-15T16:28:35","modified_gmt":"2023-10-15T16:28:35","slug":"impressum","status":"publish","type":"page","link":"https:\/\/perspectify.de\/?page_id=152","title":{"rendered":"IMPRESSUM"},"content":{"rendered":"\t\t<div data-elementor-type=\"wp-page\" data-elementor-id=\"152\" class=\"elementor elementor-152\" data-elementor-post-type=\"page\">\n\t\t\t\t\t\t<section class=\"elementor-section elementor-top-section elementor-element elementor-element-25f02a89 elementor-section-boxed elementor-section-height-default elementor-section-height-default\" data-id=\"25f02a89\" data-element_type=\"section\" data-settings=\"{&quot;background_background&quot;:&quot;classic&quot;}\">\n\t\t\t\t\t\t<div class=\"elementor-container elementor-column-gap-default\">\n\t\t\t\t\t<div class=\"elementor-column elementor-col-100 elementor-top-column elementor-element elementor-element-3ed18fcc\" data-id=\"3ed18fcc\" data-element_type=\"column\" data-settings=\"{&quot;background_background&quot;:&quot;classic&quot;}\">\n\t\t\t<div class=\"elementor-widget-wrap elementor-element-populated\">\n\t\t\t\t\t\t<div class=\"elementor-element elementor-element-75425df8 elementor-hidden-mobile elementor-widget elementor-widget-image\" data-id=\"75425df8\" data-element_type=\"widget\" data-widget_type=\"image.default\">\n\t\t\t\t<div class=\"elementor-widget-container\">\n\t\t\t\t\t\t\t\t\t\t\t\t\t\t\t<img fetchpriority=\"high\" decoding=\"async\" width=\"1055\" height=\"177\" src=\"https:\/\/perspectify.de\/wp-content\/uploads\/2023\/08\/Ebene_1-2-2-1.svg\" class=\"attachment-full size-full wp-image-239\" alt=\"\" \/>\t\t\t\t\t\t\t\t\t\t\t\t\t\t\t<\/div>\n\t\t\t\t<\/div>\n\t\t\t\t<div class=\"elementor-element elementor-element-c24ca28 elementor-widget elementor-widget-text-editor\" data-id=\"c24ca28\" data-element_type=\"widget\" data-widget_type=\"text-editor.default\">\n\t\t\t\t<div class=\"elementor-widget-container\">\n\t\t\t\t\t\t\t\t\t<h1>Impressum<\/h1>\t\t\t\t\t\t\t\t<\/div>\n\t\t\t\t<\/div>\n\t\t\t\t\t<\/div>\n\t\t<\/div>\n\t\t\t\t\t<\/div>\n\t\t<\/section>\n\t\t\t\t<section class=\"elementor-section elementor-top-section elementor-element elementor-element-238d8d4 elementor-section-boxed elementor-section-height-default elementor-section-height-default\" data-id=\"238d8d4\" data-element_type=\"section\" data-settings=\"{&quot;background_background&quot;:&quot;classic&quot;}\">\n\t\t\t\t\t\t<div class=\"elementor-container elementor-column-gap-default\">\n\t\t\t\t\t<div class=\"elementor-column elementor-col-100 elementor-top-column elementor-element elementor-element-4decb2cd\" data-id=\"4decb2cd\" data-element_type=\"column\">\n\t\t\t<div class=\"elementor-widget-wrap elementor-element-populated\">\n\t\t\t\t\t\t<div class=\"elementor-element elementor-element-521061e9 elementor-widget elementor-widget-text-editor\" data-id=\"521061e9\" data-element_type=\"widget\" data-widget_type=\"text-editor.default\">\n\t\t\t\t<div class=\"elementor-widget-container\">\n\t\t\t\t\t\t\t\t\t<h4>Verantwortlich im Sinne des \u00a7 5 Telemediengesetz:<\/h4>\t\t\t\t\t\t\t\t<\/div>\n\t\t\t\t<\/div>\n\t\t\t\t<div class=\"elementor-element elementor-element-1ad242e3 elementor-widget elementor-widget-text-editor\" data-id=\"1ad242e3\" data-element_type=\"widget\" data-widget_type=\"text-editor.default\">\n\t\t\t\t<div class=\"elementor-widget-container\">\n\t\t\t\t\t\t\t\t\t<p><strong>Martina Eberl<\/strong><\/p><p>Bischof-Hitto-Str. 3<br \/>85652 Pliening<\/p><p><strong>Inhaltlich Verantwortlicher gem\u00e4\u00df \u00a7 18 Absatz 2 MStV<\/strong>: Martina Eberl<\/p><p>Die Perspectify Webseite und ihre Inhalte, einschlie\u00dflich Texten, Bildern, Grafiken, Sounds, Animationen und Videos, sind durch Urheberrechte und andere Schutzrechte gesch\u00fctzt. Der Inhalt dieser Webseite darf ohne vorherige schriftliche Genehmigung weder kommerziell genutzt noch verbreitet, ver\u00e4ndert oder Dritten zug\u00e4nglich gemacht werden. Einige der auf der Webseite enthaltenen Bilder k\u00f6nnten dar\u00fcber hinaus durch das Copyright Dritter gesch\u00fctzt sein.<\/p><p>Die auf dieser Webseite ver\u00f6ffentlichten Informationen sind unverbindlich und dienen lediglich zu Informationszwecken. Sie stellen keine individuelle Beratung dar und k\u00f6nnen diese auch nicht ersetzen. Die Medmind GmbH \u00fcbernimmt keine Gew\u00e4hr f\u00fcr die Aktualit\u00e4t, Richtigkeit und Vollst\u00e4ndigkeit der auf dieser Website bereitgestellten Informationen. Dies gilt auch f\u00fcr die Inhalte externer Websites, auf die diese Site \u00fcber Hyperlinks verweist und auf die die Medmind GmbH keinen Einfluss hat.<\/p><p><strong>Design<\/strong>: Noah K\u00f6sel (https:\/\/www.noahkoesel.de)<\/p><p><strong>Webseite<\/strong>: Hosting Host Europe GmbH<\/p>\t\t\t\t\t\t\t\t<\/div>\n\t\t\t\t<\/div>\n\t\t\t\t\t<\/div>\n\t\t<\/div>\n\t\t\t\t\t<\/div>\n\t\t<\/section>\n\t\t\t\t<section class=\"elementor-section elementor-top-section elementor-element elementor-element-d05c7bf elementor-section-boxed elementor-section-height-default elementor-section-height-default\" data-id=\"d05c7bf\" data-element_type=\"section\">\n\t\t\t\t\t\t<div class=\"elementor-container elementor-column-gap-default\">\n\t\t\t\t\t<div class=\"elementor-column elementor-col-100 elementor-top-column elementor-element elementor-element-53a9ba5b\" data-id=\"53a9ba5b\" data-element_type=\"column\">\n\t\t\t<div class=\"elementor-widget-wrap elementor-element-populated\">\n\t\t\t\t\t\t<div class=\"elementor-element elementor-element-55a511ad elementor-widget-divider--view-line elementor-widget elementor-widget-divider\" data-id=\"55a511ad\" data-element_type=\"widget\" data-widget_type=\"divider.default\">\n\t\t\t\t<div class=\"elementor-widget-container\">\n\t\t\t\t\t\t\t<div class=\"elementor-divider\">\n\t\t\t<span class=\"elementor-divider-separator\">\n\t\t\t\t\t\t<\/span>\n\t\t<\/div>\n\t\t\t\t\t\t<\/div>\n\t\t\t\t<\/div>\n\t\t\t\t<section class=\"elementor-section elementor-inner-section elementor-element elementor-element-56afd7e7 elementor-section-boxed elementor-section-height-default elementor-section-height-default\" data-id=\"56afd7e7\" data-element_type=\"section\">\n\t\t\t\t\t\t<div class=\"elementor-container elementor-column-gap-default\">\n\t\t\t\t\t<div class=\"elementor-column elementor-col-33 elementor-inner-column elementor-element elementor-element-276eb290\" data-id=\"276eb290\" data-element_type=\"column\">\n\t\t\t<div class=\"elementor-widget-wrap elementor-element-populated\">\n\t\t\t\t\t\t<div class=\"elementor-element elementor-element-7ab3ab58 elementor-widget elementor-widget-text-editor\" data-id=\"7ab3ab58\" data-element_type=\"widget\" data-widget_type=\"text-editor.default\">\n\t\t\t\t<div class=\"elementor-widget-container\">\n\t\t\t\t\t\t\t\t\t<p>Lassen sie uns miteinander sprechen<\/p>\t\t\t\t\t\t\t\t<\/div>\n\t\t\t\t<\/div>\n\t\t\t\t\t<\/div>\n\t\t<\/div>\n\t\t\t\t<div class=\"elementor-column elementor-col-33 elementor-inner-column elementor-element elementor-element-af0d4c1\" data-id=\"af0d4c1\" data-element_type=\"column\">\n\t\t\t<div class=\"elementor-widget-wrap elementor-element-populated\">\n\t\t\t\t\t\t<div class=\"elementor-element elementor-element-8ee7625 elementor-widget elementor-widget-image\" data-id=\"8ee7625\" data-element_type=\"widget\" data-widget_type=\"image.default\">\n\t\t\t\t<div class=\"elementor-widget-container\">\n\t\t\t\t\t\t\t\t\t\t\t\t\t\t\t<img decoding=\"async\" width=\"156\" height=\"156\" src=\"https:\/\/perspectify.de\/wp-content\/uploads\/2023\/06\/Martina_Portrait_medium.png\" class=\"attachment-full size-full wp-image-113\" alt=\"\" srcset=\"https:\/\/perspectify.de\/wp-content\/uploads\/2023\/06\/Martina_Portrait_medium.png 156w, https:\/\/perspectify.de\/wp-content\/uploads\/2023\/06\/Martina_Portrait_medium-150x150.png 150w\" sizes=\"(max-width: 156px) 100vw, 156px\" \/>\t\t\t\t\t\t\t\t\t\t\t\t\t\t\t<\/div>\n\t\t\t\t<\/div>\n\t\t\t\t\t<\/div>\n\t\t<\/div>\n\t\t\t\t<div class=\"elementor-column elementor-col-33 elementor-inner-column elementor-element elementor-element-42926961\" data-id=\"42926961\" data-element_type=\"column\">\n\t\t\t<div class=\"elementor-widget-wrap elementor-element-populated\">\n\t\t\t\t\t\t<div class=\"elementor-element elementor-element-77d98f1d elementor-widget elementor-widget-text-editor\" data-id=\"77d98f1d\" data-element_type=\"widget\" data-widget_type=\"text-editor.default\">\n\t\t\t\t<div class=\"elementor-widget-container\">\n\t\t\t\t\t\t\t\t\t<p>martina.eberl@perspectify.de<br \/>+49 151 23557431<\/p>\t\t\t\t\t\t\t\t<\/div>\n\t\t\t\t<\/div>\n\t\t\t\t\t<\/div>\n\t\t<\/div>\n\t\t\t\t\t<\/div>\n\t\t<\/section>\n\t\t\t\t\t<\/div>\n\t\t<\/div>\n\t\t\t\t\t<\/div>\n\t\t<\/section>\n\t\t\t\t<section class=\"elementor-section elementor-top-section elementor-element elementor-element-36f163d1 elementor-section-boxed elementor-section-height-default elementor-section-height-default\" data-id=\"36f163d1\" data-element_type=\"section\">\n\t\t\t\t\t\t<div class=\"elementor-container elementor-column-gap-default\">\n\t\t\t\t\t<div class=\"elementor-column elementor-col-100 elementor-top-column elementor-element elementor-element-5ccdc75e\" data-id=\"5ccdc75e\" data-element_type=\"column\">\n\t\t\t<div class=\"elementor-widget-wrap elementor-element-populated\">\n\t\t\t\t\t\t<div class=\"elementor-element elementor-element-64b2d8d1 elementor-widget elementor-widget-image\" data-id=\"64b2d8d1\" data-element_type=\"widget\" data-widget_type=\"image.default\">\n\t\t\t\t<div class=\"elementor-widget-container\">\n\t\t\t\t\t\t\t\t\t\t\t\t\t\t\t<img decoding=\"async\" width=\"157\" height=\"208\" src=\"https:\/\/perspectify.de\/wp-content\/uploads\/2023\/06\/Martina_Footer.png\" class=\"attachment-full size-full wp-image-111\" alt=\"\" \/>\t\t\t\t\t\t\t\t\t\t\t\t\t\t\t<\/div>\n\t\t\t\t<\/div>\n\t\t\t\t\t<\/div>\n\t\t<\/div>\n\t\t\t\t\t<\/div>\n\t\t<\/section>\n\t\t\t\t<\/div>\n\t\t","protected":false},"excerpt":{"rendered":"<p>Impressum Verantwortlich im Sinne des \u00a7 5 Telemediengesetz: Martina Eberl Bischof-Hitto-Str. 385652 Pliening Inhaltlich Verantwortlicher gem\u00e4\u00df \u00a7 18 Absatz 2 MStV: Martina Eberl Die Perspectify Webseite und ihre Inhalte, einschlie\u00dflich Texten, Bildern, Grafiken, Sounds, Animationen und Videos, sind durch Urheberrechte und andere Schutzrechte gesch\u00fctzt. Der Inhalt dieser Webseite darf ohne vorherige schriftliche Genehmigung weder kommerziell [&hellip;]<\/p>\n","protected":false},"author":1,"featured_media":0,"parent":0,"menu_order":0,"comment_status":"closed","ping_status":"closed","template":"","meta":{"footnotes":""},"class_list":["post-152","page","type-page","status-publish","hentry"],"_links":{"self":[{"href":"https:\/\/perspectify.de\/index.php?rest_route=\/wp\/v2\/pages\/152","targetHints":{"allow":["GET"]}}],"collection":[{"href":"https:\/\/perspectify.de\/index.php?rest_route=\/wp\/v2\/pages"}],"about":[{"href":"https:\/\/perspectify.de\/index.php?rest_route=\/wp\/v2\/types\/page"}],"author":[{"embeddable":true,"href":"https:\/\/perspectify.de\/index.php?rest_route=\/wp\/v2\/users\/1"}],"replies":[{"embeddable":true,"href":"https:\/\/perspectify.de\/index.php?rest_route=%2Fwp%2Fv2%2Fcomments&post=152"}],"version-history":[{"count":0,"href":"https:\/\/perspectify.de\/index.php?rest_route=\/wp\/v2\/pages\/152\/revisions"}],"wp:attachment":[{"href":"https:\/\/perspectify.de\/index.php?rest_route=%2Fwp%2Fv2%2Fmedia&parent=152"}],"curies":[{"name":"wp","href":"https:\/\/api.w.org\/{rel}","templated":true}]}}